t is o(-1)?
-7
Let y(t) = t**3 - 9*t**2 - 22*t + 76. Determine y(13).
466
Let v(o) = -25069*o - 175509. Determine v(-7).
-26
Let g(h) = 13*h**2 - 456*h + 902. What is g(34)?
426
Let o(n) = -n**2 + 1358*n - 375182. Calculate o(386).
10
Let w(v) = -9440*v - 141585. Give w(-15).
15
Let w(y) = -46*y - 4333. Calculate w(-94).
-9
Let h(o) = -3*o**3 - 325*o**2 - 417*o + 1175. Determine h(-107).
-2
Let o(l) = 3331*l - 266501. Calculate o(80).
-21
Let k(t) = -92028*t + 460029. Calculate k(5).
-111
Let u(z) = -1198*z + 192919. Calculate u(161).
41
Let g(x) = -3*x**3 - 1052*x**2 - 640*x + 20954. What is g(-350)?
-46
Let q(o) = 4926*o - 34289. What is q(7)?
193
Let u(f) = 47528*f - 237632. What is u(5)?
8
Let f(l) = -11*l**2 - 10256*l + 51547. What is f(5)?
-8
Let k(b) = -9*b**3 - 2247*b**2 - 3738*b - 4459. Determine k(-248).
5
Let f(q) = 123*q**2 - 715*q - 199. Calculate f(6).
-61
Let a(w) = -8*w**2 - 74*w - 140. Calculate a(-6).
16
Let l(q) = -7*q**2 - 1247*q + 17240. Give l(-191).
50
Let v(f) = 10*f**2 - 2852*f - 17181. What is v(-6)?
291
Let y(x) = -198*x + 18114. Calculate y(92).
-102
Let r(m) = -5232*m + 62738. What is r(12)?
-46
Let k(j) = 17791*j - 426906. What is k(24)?
78
Let n(y) = -3*y**3 + y**2 - 851*y + 3467. Give n(4).
-113
Let b(k) = k**3 - 11*k**2 - 13*k - 165. Calculate b(18).
1869
Let r(u) = -9620*u - 96255. Calculate r(-10).
-55
Let g(a) = -56*a**2 + 774*a + 29. Give g(15).
-961
Let l(b) = -b**3 - 31*b**2 + 216*b - 1. Give l(-35).
-2661
Let x(r) = 72*r - 3563. Give x(6).
-3131
Let l(b) = 247695*b - 2476948. Calculate l(10).
2
Let k(a) = -11141*a + 2205891. Calculate k(198).
-27
Let p(j) = 100*j**2 - 4500*j + 11. Give p(45).
11
Let a(m) = 1271*m - 19080. Determine a(15).
-15
Let p(r) = 946*r - 579871. Give p(613).
27
Let x(l) = 119*l**2 + 132*l - 676. Give x(-3).
-1
Let p(c) = -c**3 - 659*c**2 - 46828*c - 725. Determine p(-81).
85
Let h(s) = -38797*s - 3336548. Calculate h(-86).
-6
Let q(a) = 114186*a - 2740459. What is q(24)?
5
Let m(d) = -2*d**3 - 49*d**2 + 631*d + 7065. Give m(-31).
-3
Let l(c) = -1677*c - 14084. Calculate l(-9).
1009
Let d(i) = -810573*i - 8916299. Calculate d(-11).
4
Let t(z) = -130*z**3 - 6108*z**2 + 81*z - 618. Calculate t(-47).
-7
Let x(j) = 106853*j + 854888. Give x(-8).
64
Let f(y) = y**3 - 232*y**2 + 283*y - 12269. Calculate f(231).
-257
Let g(i) = 2579*i - 117618. What is g(46)?
1016
Let i(b) = -b**3 - 20*b**2 + 1477*b + 6194. Calculate i(-4).
30
Let b(a) = 2*a**3 + 171*a**2 - 1451*a - 2253. What is b(9)?
-3
Let c(k) = -2*k**2 - 803*k + 675215. Calculate c(414).
-19
Let d(s) = 2*s**3 + 52*s**2 + 105*s + 5779. What is d(-28)?
-297
Let q(v) = -83*v**2 + 1980*v + 53. What is q(24)?
-235
Let l(y) = -31*y**3 + 717*y**2 - 93*y + 76. Give l(23).
53
Let v(k) = -3*k**2 + 651*k + 49845. Give v(277).
-15
Let z(w) = w**3 + 28*w**2 + 174*w + 178. Calculate z(-7).
-11
Let g(j) = 194*j + 61684. Calculate g(-318).
-8
Let h(w) = 3*w**2 - 363*w + 6225. Give h(18).
663
Let f(o) = -26*o + 2298. Calculate f(83).
140
Let i(w) = 642*w**2 - 3198*w - 59. Determine i(5).
1
Let d(p) = -8*p**2 - 191*p + 28. What is d(-24)?
4
Let m(p) = -527*p - 59034. Give m(-112).
-10
Let m(w) = 8673*w**2 + 8670*w + 14. Determine m(-1).
17
Let o(m) = -3*m**2 - 812*m - 11026. Calculate o(-256).
238
Let t(j) = j**3 + 61*j**2 - 4*j + 890. Give t(-61).
1134
Let d(g) = 52042*g - 208032. What is d(4)?
136
Let v(n) = -n**3 - 40*n**2 - 59*n + 3086. Give v(-36).
26
Let c(z) = -11*z**3 - 93*z**2 - 167*z + 102. Determine c(-5).
-13
Let c(n) = -3*n**3 + 186*n**2 - 299*n + 18514. Calculate c(62).
-24
Let y(o) = -4*o**2 - 2602*o + 1203758. What is y(-963)?
8
Let k(g) = -13*g**2 + 348*g - 986. What is k(23)?
141
Let f(y) = y**3 + 18*y**2 + 263*y + 4355. Determine f(-17).
173
Let r(u) = 14901*u - 506658. Give r(34).
-24
Let z(o) = -570*o + 5950. Calculate z(10).
250
Let d(a) = 6*a**2 - 219*a + 998. Determine d(31).
-25
Let q(w) = 2956*w - 59. What is q(0)?
-59
Let x(s) = 2*s**3 + 304*s**2 + 5*s + 622. Determine x(-152).
-138
Let t(o) = o**3 - 417*o**2 - 6481*o + 436. Determine t(432).
4
Let n(c) = 2508*c - 203224. Determine n(81).
-76
Let f(x) = 3*x**3 + 20*x**2 + 174*x + 470. Calculate f(-3).
47
Let x(v) = -94*v**2 - 273*v + 50. Calculate x(-3).
23
Let f(l) = 70*l**3 - 10*l**2 + 45*l - 59. Give f(3).
1876
Let b(h) = -h**3 - 8*h**2 + 9*h + 29. Determine b(-9).
29
Let l(y) = 2*y**3 - 306*y**2 + 3656*y - 2590. Give l(140).
-350
Let s(o) = o**3 - 19*o**2 + 1775*o - 39016. Determine s(22).
1486
Let x(p) = -17*p**2 - 112*p - 409. Calculate x(-7).
-458
Let n(i) = -8*i**3 - 2*i**2 + 66*i + 247. Determine n(-5).
867
Let y(x) = 4*x**3 - 16*x**2 + 27*x + 7. Determine y(3).
52
Let m(q) = 14268*q - 28436. Calculate m(2).
100
Let l(p) = -p**3 + 79*p**2 - 135*p - 446. Give l(77).
1017
Let l(z) = -85293*z - 85285. Determine l(-1).
8
Let c(u) = 2*u**2 + 150653*u - 903927. Determine c(6).
63
Let c(z) = 52*z**3 - 379*z**2 + 31*z + 8. Give c(7).
-510
Let v(a) = 30*a**3 - 7621*a**2 + 218*a + 9150. Determine v(254).
6
Let a(x) = -72*x - 15091. Give a(-220).
749
Let z(o) = -9*o**3 + 5563*o**2 - 534*o - 51907. Calculate z(618).
5
Let a(b) = -8*b**3 + 40*b**2 + 3*b + 20. Determine a(6).
-250
Let g(q) = -10*q**3 - 2691*q**2 - 184*q + 22867. Determine g(-269).
2
Let t(o) = -420*o**2 - 201*o + 594. What is t(1)?
-27
Let k(s) = -s**3 + 418*s**2 - 8047*s + 1733. What is k(20)?
-7
Let y(v) = v**3 - 42*v**2 - 197*v - 1799. Determine y(47).
-13
Let q(w) = 64*w**2 + 2243*w + 29. What is q(-35)?
-76
Let b(y) = -125*y**2 - 8376*y + 271. What is b(-67)?
338
Let r(m) = 115*m**2 + 10958*m + 3128. What is r(-95)?
-7
Let q(x) = x**3 + 59*x**2 + 693*x + 22850. Calculate q(-54).
8
Let f(d) = -2339*d - 34484. Calculate f(-18).
7618
Let y(z) = 17*z**3 - 90*z**2 - 4*z + 9. Calculate y(5).
-136
Let j(r) = -2*r**3 + 7*r**2 + 909*r - 4533. Give j(5).
-63
Let k(p) = -p**2 + 2425*p - 568611. Determine k(263).
-5
Let l(m) = -2*m**3 - 606*m**2 - 2374*m + 5380. What is l(-299)?
-2
Let c(i) = -2*i**2 + 272*i - 8920. What is c(77)?
166
Let y(x) = -x**3 + 5*x**2 + 1323*x - 101. Give y(-34).
1
Let w(n) = 86*n**2 - 125*n - 213. Give w(-5).
2562
Let d(m) = -m**3 + 244*m**2 - 3439*m + 9633. Give d(11).
-3
Let z(p) = 13*p**3 + 232*p - 895. Determine z(4).
865
Let r(d) = 8683*d + 51032. Give r(-6).
-1066
Let q(t) = 25*t**3 - 349*t**2 - 110*t + 1253. Give q(14).
-91
Let v(o) = 3*o**2 + 647*o - 102714. What is v(-322)?
4
Let f(l) = l**3 - 140*l**2 + 910*l + 2707. What is f(133)?
-86
Let v(b) = -2*b**3 + 406*b**2 - 763*b - 8311. What is v(201)?
-70
Let k(z) = -862800*z - 2588406. Give k(-3).
-6
Let p(x) = -2*x**3 - 226*x**2 + 4713*x + 65. What is p(18)?
11
Let k(j) = -2*j**3 + 393*j**2 - 617*j + 82554. Calculate k(196).
38
Let v(u) = -673*u - 202580. Calculate v(-301).
-7
Let g(i) = -i**2 + 41614*i + 1624465. Calculate g(-39).
-2
Let h(i) = -30*i**2 - 4498*i + 23265. Give h(5).
25
Let i(j) = 504*j - 118939. Calculate i(236).
5
Let n(o) = -58*o - 2499. Determine n(-38).
-295
Let d(v) = -v**2 + 3688*v + 286081. Calculate d(-76).
17
Let u(n) = 391*n - 212926. What is u(544)?
-222
Let q(b) = 21*b - 470. What is q(56)?
706
Let l(v) = -64*v - 4179. Determine l(-73).
493
Let y(k) = -627*k**2 - 3661*k + 603. Calculate y(-6).
-3
Let c(v) = -3*v**3 + 6*v**2 + 21*v - 35. What is c(4)?
-47
Let c(n) = -2*n**2 + 1717*n - 300623. What is c(245)?
-8
Let z(t) = -2*t**3 + 23*t**2 + 959*t - 28. What is z(-19)?
3772
Let s(m) = 2773*m**2 + m - 144. Give s(0).
-144
Let n(g) = -384*g**2 - 5760*g - 177. Calculate n(-15).
-177
Let p(r) = 437*r**2 + 568*r + 5. Determine p(-2).
617
Let a(h) = -55*h**2 - 1678*h + 27. Give a(-32).
-2597
Let v(j) = j**3 - 758*j**2 + 12662*j - 48178. Give v(741).
-13
Let b(h) = -7*h**3 - 23*h**2 + 348*h + 1729. Determine b(-5).
289
Let d(t) = -t**3 - 26*t**2 - 90*t - 1483. Give d(-18).
-2455
Let y(j) = -135*j**2 - 710*j - 162. What is y(-5)?
13
Let z(c) = 5689*c - 12517. What is z(2)?
-1139
Let l(z) = 1285*z - 71. Give l(0).
-71
Let d(y) = -10093*y - 746879. Give d(-74).
3
Let f(k) = -36*k**2 + 518*k + 325. What is f(15)?
-5
Let l(y) = 16*y**3 - 4363*y**2 - 1409*y + 11956. What is l(273)?
-56
Let a(p) = -74*p - 51977. Calculate a(-698).
-325
Let l(s) = -118*s**2 + 11881*s + 3736. Determine l(101).
-1
Let t(b) = -32218*b - 